l(44). Let t(i) be the first derivative of -i**3/3 - 15*i**2/2 - 12*i + 7. Give t(z).
2
Let r(t) be the third derivative of t**6/360 - t**5/24 + t**4/3 - 125*t**3/6 - 125*t**2. Let u(o) be the first derivative of r(o). Give u(6).
14
Let w(d) = -2*d**3 + 62*d**2 - 212*d - 113. Let a be w(27). Let x be -1 + (1 - (1 - 1)). Let t = a - x. Let g(i) = -i**3 - 6*i**2 - 5*i + 4. Give g(t).
4
Let u(n) = 1936 - n + 1929 - 3909. Give u(-14).
-30
Suppose 120 = 3*m + 111. Let v(o) = -6*o + 5*o + 20 + 9 + 3. Let n(x) = 2. Let k(s) = m*n(s) - v(s). Give k(0).
-26
Let b(z) be the first derivative of z**3/3 + z**2 - z - 8935. Let o(a) = a**3 + a**2 - a - 2. Let t be o(-2). Determine b(t).
7
Let f(m) = -m - 7. Let u = 109 - 67. Let i = u + -28. Suppose i*o - 19*o = 35. Give f(o).
0
Let b(l) = 5*l**2 + 7*l + 12. Let j be (27/36 + (-14)/8)*5. Determine b(j).
102
Let t(v) = v**3 + 5*v**2 - 9*v - 4. Let r = -12592 + 12586. Give t(r).
14
Let b = -3 + -1. Suppose -2*h = 2*h - 8. Let i(w) = 4 + 0*w**h + 10*w**3 + 4*w - 3*w**2 - 11*w**3 + 1. Calculate i(b).
5
Let o(a) = 9*a**3 + 74*a**2 + 2*a + 23. Let v(w) = -14*w**3 - 112*w**2 - 3*w - 35. Let p(j) = -8*o(j) - 5*v(j). What is p(-16)?
7
Let w(l) = 5*l**2 + 3*l - 12. Let s(t) = -6*t**2 - 4*t + 13. Let x(j) = -6*s(j) - 7*w(j). Suppose 0 = -2*y + 3*b - 29, -5*y + 4*b - 76 + 28 = 0. What is x(y)?
10
Let o(x) = -x**3 - 10*x**2 + 7*x - 27. Let t be 7175/(-650) - 2/(-52). What is o(t)?
17
Let k(t) = -3 - 3 - t**3 - 15*t**2 - 46*t + t - 4 + 3. What is k(-11)?
4
Let x(a) = a + 33. Suppose 116 = -16*g + 51 - 95. Determine x(g).
23
Let r(k) = k**2. Let j(w) = -w - 1. Let l = -48 + 51. Let v(m) = m**2 + 2*m + 2. Let n(x) = l*j(x) + v(x). Let y(h) = n(h) - 2*r(h). What is y(0)?
-1
Let w = -2 - -5. Suppose 6*n + 156 = 162. Let s(z) = -8*z - 5*z**2 - 2*z**w + 3*z - 3*z - n + 3*z**3. What is s(6)?
-13
Let v = -484 + 487. Let x(u) = 21 - 8 + 7*u - 4*u**3 - 7*u**2 - 11 + 5*u**v. What is x(6)?
8
Let u(z) = 8*z**2 + 2*z. Let m(q) = -3*q**2 - 59*q - 58. Let k be m(-1). Determine u(k).
28
Let d(j) = -61*j**2 + 4*j + 12. Let g(t) = -52*t**2 + 6*t + 11. Let s(n) = -6*d(n) + 7*g(n). Give s(-12).
77
Suppose 109 - 96 = 13*i. Let w(y) be the second derivative of 7*y**4/12 - y**2/2 - 3*y. Let p(u) = 6*u**2 - 2. Let k(v) = 2*p(v) - 3*w(v). What is k(i)?
-10
Let m(i) = -i**3 - 6*i**2 - 5*i - 2. Let j(a) = 3*a**3 + 18*a**2 + 20*a + 7. Let x(p) = 2*j(p) + 7*m(p). What is x(-7)?
14
Let h(g) = -g**2 + 10*g - 9. Suppose -3*m + t + 3*t = 305, t + 295 = -3*m. Let u = m + 85. Let a(d) = d**2 + 12*d - 18. Let w be a(u). Calculate h(w).
-9
Let l = 467 + -207. Suppose -14*p = -18*p + l. Let w(m) = -p*m - 2 + 34*m + 3*m**2 + 33*m. Give w(-2).
6
Let g(p) = -p**2 + 7. Suppose 7*b - 5*b - 28 = 0. Suppose s = -9*s - b*s. Calculate g(s).
7
Let i(f) = -9*f - 2*f**2 + 3*f**3 - 19 - 7*f**2 + 14. Let z(j) = 2*j**3 - 8*j**2 - 8*j - 4. Let s(w) = -3*i(w) + 4*z(w). Give s(-4).
3
Let z = -34 - -37. Suppose 3*j - 2*q - 9 = 0, 0 = 4*j - q + z*q - 12. Let v(a) = a + 2. Give v(j).
5
Let j(y) = 19*y**2 + 10*y. Suppose -67 = -28*h - 207. Let l(t) = 96*t**2 + 48*t. Let c(g) = h*l(g) + 24*j(g). Determine c(-1).
-24
Suppose -2*z = -4 - 2. Let q(i) = 6*i - 7*i**2 + i**z + 9 - 13 + 5. Suppose f = 2*n + 10, -5*n = 8*f - 3*f - 20. Give q(f).
1
Suppose 9 - 27 = -3*k. Suppose 6*m + 0 = -k. Let x(j) = 11*j**3 - 1. Give x(m).
-12
Suppose 2*k - k - 2 = 0. Suppose -k*h = -4*h. Suppose -9*q + h = -9. Let l(d) = 5*d. What is l(q)?
5
Let o(r) = -r + 17. Suppose 8*z + 2108 = 4*s + 6*z, -3*s - 5*z + 1568 = 0. Let k = s + -510. Determine o(k).
1
Let p(r) be the first derivative of -r**3/3 - 13*r**2/2 + 114*r - 11675. Give p(7).
-26
Let b(x) = -44*x**2 + 927*x - 930*x - 19 + 30*x**2 + 18*x**2. Determine b(5).
66
Let d = 8 - 5. Let h(j) = 19*j**2 + 12*j. Let k(s) = 12*s**2 + 7*s. Let i(c) = -5*h(c) + 8*k(c). Calculate i(d).
-3
Let v(k) = -62*k + 2227. Let a be v(36). Let s(b) = b + 13. Give s(a).
8
Let l(x) = -141*x + 137*x - 121 + 164. Calculate l(15).
-17
Let r(c) = c**3 + 10*c**2 - 12*c - 15. Let l(t) = t**2 + 92*t - 496. Let g be l(5). Calculate r(g).
-4
Let w(v) = 4*v - 5. Let o = 160 - 154. Let h(b) = 5*b - 6. Suppose -5*q = -5*t - 35 + 5, 0 = 2*q + 2. Let i(k) = o*h(k) + t*w(k). What is i(-4)?
-9
Let y(x) = x + 6. Let l be y(-9). Let t(f) = -3 - 2*f**2 + 1982*f - 3942*f - 2 + 1954*f. What is t(l)?
-5
Suppose -2*g + 7*g - 925 = 0. Let n = 51 - g. Let c = n - -131. Let f(k) = -k**3 - 4*k**2 - 4*k. Give f(c).
3
Let k be -1 - 1086/(-9) - 1/(-3). Suppose 3*z - 15 = 5*g - 215, 3*g = 4*z + k. Suppose 41*w - g*w - 5 = 0. Let c(s) = -s**2 + 7*s - 5. Calculate c(w).
5
Let d be (-7 + 5)/2 - (-4 - -2). Let j(p) = -p**3 - p**2 - 3*p - 3. Let x(v) = 2*v**3 + v**2 - 1. Let i(f) = d*x(f) + j(f). Give i(3).
14
Let b(x) be the first derivative of -x**2/2 + x + 2. Let i(c) = -c**3 + 15*c**2 - 23*c - 45. Let k be 110/8 + 15/(-20). Let y be i(k). Give b(y).
7
Let n(y) = -3*y**3 - 22*y**2 - 14*y - 10. Let q(c) = 2*c**3 + 15*c**2 + 10*c + 7. Suppose -42*l + 39*l + 15 = 0. Let s(w) = l*n(w) + 7*q(w). Determine s(-5).
-1
Let t be 2*88/20 + -8 + 4/(-5). Let i(a) be the second derivative of -3/2*a**2 + t + 1/20*a**5 + 1/2*a**3 + 1/3*a**4 + 33*a. Determine i(-3).
-3
Let a(c) = -81856 + 81859 - 2*c - 10*c. Determine a(0).
3
Suppose -23 - 103 = -21*g. Let p = -3 - -4. Let s(k) = -3*k - 7. Let u(d) = -d. Let l(a) = p*s(a) - u(a). What is l(g)?
-19
Let h(p) = 2*p**3 - 2*p**2 - 4. Let f(x) = 9*x**3 - 22*x**2 - 12*x - 27. Let d(m) = -f(m) + 5*h(m). Give d(-11).
-4
Suppose 0 = 4*t + 8*i - 4*i - 48, 0 = -2*t + 2*i + 24. Let r(x) = 16*x - 201. Determine r(t).
-9
Let d = -2 - 1. Let v(t) = 32*t - 9. Let l(n) = 21*n - 8. Let i(w) = 3*l(w) - 2*v(w). Give i(d).
-3
Let o be (5 - 2) + 10/((-10)/(-7)). Let w(m) = -8 + 5 - 7 + o - 2 - m. Give w(8).
-10
Let a(y) = y**3 - 8*y**2 + 10*y - 17. Let g be a(7). Let p(x) = x**2 - 4*x - 8. Let k be p(g). Let o(l) = l + 3 - 2*l + 2*l. Calculate o(k).
-5
Suppose -2*t + 30999 = f, 4*f - 31008 = -5*t + 3*t. Let g(i) = 0 + 1 + 15496*i - t*i. What is g(3)?
-5
Suppose -42*s - 30 = -37*s. Let b(u) = 7*u**2 + 5. Let n(r) = -13*r**2 + r - 11. Let f(m) = s*n(m) - 11*b(m). Calculate f(8).
27
Let g(r) = -5 - 3*r**3 - 12*r**2 - 6*r**3 - 5 + 5*r**3 + 3*r**3 - 6 + 12*r. Suppose 0 = -5*m - 3*n - 59, 5*m - n + 61 = -3*n. Give g(m).
-3
Let p(q) = -q**3 + 17*q**2 - 15*q - 4. Suppose 3*u = 8*u + 5*y - 70, 0 = -4*u + 4*y + 72. Give p(u).
12
Let b(s) = 4*s**2 + s - 1. Let q(a) = -9*a**2 - 8*a - 1. Let c(o) = -2*b(o) - q(o). Give c(-8).
19
Let j = 169 + -153. Let t(a) = 13 - 1 - j*a + 17*a. Give t(-5).
7
Let m(r) = 4*r**2 + 53*r. Let q(u) = 6*u**2 + 81*u + 2. Let p(c) = -8*m(c) + 5*q(c). What is p(-8)?
34
Let d(i) = 72*i**3 - 128*i**3 - 5*i + 62*i**3 - 3*i**2 - 6 + 3. What is d(-1)?
-7
Let m(o) = -2*o - 8. Suppose -2*a - 2*d = -316, -352 - 112 = -3*a + 2*d. Let j be (87 + -84)/(-2 + -1 + 6). Let b be 2 + j - a/13. Determine m(b).
10
Let a(f) = 9728 + 5*f - 4863 - 3*f - 4867. Let j = 70 + -67. Suppose -9 = 2*k - j. Give a(k).
-8
Let p(m) = 321 - 119*m + 112*m - 222. What is p(12)?
15
Let v be (45/(-4) - -11)*28. Let n(o) = 5*o + 32. Determine n(v).
-3
Let j(c) = c**3 - c**2 - 4*c - 3. Let r(i) = -3*i**2 + 61*i - 205. Let s be r(14). Suppose -177 = -2*y - y. Let g = y - s. Determine j(g).
-7
Let b(j) = -j**2 + 12*j - 11. Suppose -1384*c = -1358*c - 312. Give b(c).
-11
Let t(j) be the first derivative of -j**4/6 + 8*j**3/3 + 6*j**2 + 115*j - 3. Let f(h) be the first derivative of t(h). What is f(9)?
-6
Let t(c) = c**3 + 4*c**2 - 9*c - 1. Suppose -17*j - 76 = 14*r - 13*j, -4*r - 3*j = 18. Give t(r).
-19
Let m(f) = 7372 + 7351 - 14714 - 2*f - f**2 + f**3. Determine m(2).
9
Let n(x) = 42*x**2 - x - 1. Let j be n(-1). Suppose -j*c = -47*c + 220. Let z(o) = -o + 13 + 22 - c + 14. What is z(-7)?
12
Let u = 5333 + -5321. Let i(d) = 2*d - 25. Calculate i(u).
-1
Let b = -182 + 179. Let q(l) = -2*l**3 - 9*l**2 + 5*l - 8. Let x(r) = 3*r**3 + 17*r**2 - 11*r + 15. Let i(g) = b*x(g) - 5*q(g). Calculate i(5).
10
Let b be (-3)/(54/(-184)) - 194/873. Let a(t) = -5*t**3 + b*t**2 - 136 + 8*t**3 - 16*t + 4*t - 2*t**3 + 128. What is a(-11)?
3
Suppose -976 - 144 = -280*d. Let z(w) = -w**3 + 5*w**2 + w. Determine z(d).
20
Let p(i) = 10 - 10